p**2. What is n(w)?
4
Let t(f) be the third derivative of f**5/60 - 7*f**4/24 + 5*f**3/6 + 20*f**2. Let a = -13 - -18. Calculate t(a).
-5
Let l(v) be the third derivative of v**4/24 + v**3/3 - v**2. Suppose -2*z + 3*z - 3 = 0. Suppose -z*b = 2*b. Determine l(b).
2
Let p(f) = -f**3 + 4*f**2 - f + 3. Suppose 4*r = 1 + 3. Suppose -15 - r = -4*i. Determine p(i).
-1
Let w(t) = -t**2 - t + 17. Let n(q) = -2*q**2 - 2*q + 32. Let c(x) = -4*n(x) + 7*w(x). Suppose 0 = -2*v + v. Give c(v).
-9
Let c(i) = 2*i + 0*i - i**3 - 4*i**2 + 0*i**3 + 1 + 0*i**3. Calculate c(-4).
-7
Let w = -13 - -20. Let r(m) = m**2 - 5*m - 8. Calculate r(w).
6
Let z(v) = 2*v**3 + 4*v**2 - 1. Suppose -c - 4*s = -2*c + 1, -5*c - s = 16. Determine z(c).
-19
Let g(o) = 4*o + 2. Suppose b - 6 = -2*b. Calculate g(b).
10
Let f(t) be the third derivative of t**5/60 + t**4/24 + t**3/6 + 44*t**2. Calculate f(-2).
3
Let z(i) = -i**3 - 12*i**2 - i - 8. Let b be z(-12). Suppose -16 = -0*t - b*t. Let r(m) = m**2 - 3*m + 3. What is r(t)?
7
Let v(n) be the third derivative of n**6/120 + n**4/24 + 7*n**3/2 + 15*n**2. Give v(0).
21
Let a be -5 + 5 + (-2)/(-1). Let f(y) = -2*y**2 + 3*y + y**3 - 7 + 8*y**a + 2 + 0. Give f(-5).
5
Suppose -8 = 45*n - 47*n. Let m(y) = y**2 - 6*y + 4. Calculate m(n).
-4
Let u = -8 - -15. Let o(y) = y - 6. Let r be o(u). Let p(l) = 4*l**3 - 6*l**3 + r - 2*l**2 + 0*l**2. Give p(1).
-3
Let a(o) be the first derivative of o**3/3 + 4*o**2 + 3*o + 12. What is a(-8)?
3
Let a(g) = -8*g**2 + 15*g**2 - 8*g**2 + 6 + 3*g + 3*g. Determine a(6).
6
Let b = -100 - -105. Let h(d) = d - 9. What is h(b)?
-4
Let m(h) = -3*h**2 + 5*h**2 - h**3 - 6 + 5 + 3*h - 4*h**2. Give m(-3).
-1
Let l(k) = 4*k**2 + k - 1. Let g be l(1). Suppose 2*w - 2*u + 2 = 0, g*w - 1 = 3*u - 2. Let f(x) = 0 + x**w - 1 - x - 3 + 0*x. What is f(4)?
8
Let r = 3 + -4. Let k(h) = -4*h**2 + h. Let m be k(r). Let q(l) = -l - 1. What is q(m)?
4
Let a(n) = n**2 - 12*n. Let f be (-7)/2*((-219)/21 - -7). Determine a(f).
0
Let b(k) = k**2 + 6*k + 3. Let c be 72/(-16)*(-4)/(-3). Let r be b(c). Let z(h) = h**3 - 3*h**2 + 2*h - 4. Give z(r).
2
Let u be (1*6)/2 + -1. Let w(a) = -8*a**2 + 1 + 3*a**2 - 2*a + 0*a**u. Suppose 0 = -4*q + 7*q - 3. Determine w(q).
-6
Let n(r) = 5 - 3*r - 8 - 2. Let c(t) = -3*t - 6. Let g(o) = 2*c(o) - 3*n(o). Give g(-2).
-3
Let g(r) be the second derivative of -r**3/6 - 5*r**2/2 + 13*r. Give g(-4).
-1
Let n = -9 - -12. Let k(x) = -x**n + x + 0*x**3 - 13 + x**2 + 22. Suppose -2*z = -0*z. Calculate k(z).
9
Let w(h) = -h**3 - h**2 + 2*h + 2. Suppose -3*s + 25 = -5*i, -3*i = i - 2*s + 18. Give w(i).
2
Let y be (-6)/(-4) - 15/(-10). Let w(i) be the second derivative of 0*i**y - 2*i - 1/2*i**4 - 1/2*i**2 + 0. Calculate w(-1).
-7
Let j(q) = -3*q**3 + q**2 + 11*q - 6. Let t(s) = 2*s**3 - 6*s + 3. Let c(l) = 3*j(l) + 5*t(l). What is c(-3)?
-12
Let o be ((-2)/2 - 1) + 4. Suppose -1 = -n + o. Let c = n + -8. Let y(x) = x. Give y(c).
-5
Let g(a) = 6*a**3 + a**2 + a - 1. Let b = -73 - -74. Determine g(b).
7
Suppose -p + 1 + 2 = 0. Let s(d) = -6 + d - p*d + 3*d. What is s(7)?
1
Suppose 3*m - 1 = -2*k - 5, -3*m - k = 2. Let v(b) = -b**3 + b**2 - b + 7. Give v(m).
7
Let p(i) = i**3 + 8*i**2 + 7*i - 2. Let a be p(-7). Let m(q) = 1. Let l(h) = 5*h. Let z(y) = l(y) + 2*m(y). What is z(a)?
-8
Let m(g) = 2*g**2 + 2*g. Let y be m(-2). Let o(b) = 4*b + 2 + 2*b**3 - y - 4*b**2 + 0*b**3. Calculate o(2).
6
Let q(b) be the second derivative of 3*b**5/20 - b**4/4 + b**3/6 - b**2/2 + 54*b. What is q(2)?
13
Let j(k) = 6*k - 3. Suppose -2*z - 20 = 2*n - 4*n, 0 = -3*n + 4*z + 35. Let p(y) = -4*y + 2. Let q(g) = n*j(g) + 8*p(g). Give q(1).
-1
Let o(w) = -4*w + 2. Suppose 7*p - 5*p - 4 = 0. Suppose -6*z + 12 = -p*z. Calculate o(z).
-10
Let t(i) = -2*i + 2. Let l be 6/(-3) - 2 - 10/(-5). Determine t(l).
6
Let m(c) = 3*c**2 - 5*c - 1. Let y(k) = 4 + 19*k - 13*k**2 + 2 + 1 - 2. Let g(v) = 9*m(v) + 2*y(v). What is g(3)?
-11
Let r(w) = 2*w**2 - w**3 - 541*w - 1 + 541*w. What is r(1)?
0
Let a(l) = -l + 1. Let p(s) = -3*s + 3. Let m(g) = -4*a(g) + p(g). What is m(5)?
4
Let j(r) = -r**3 + 3*r**2 + 2*r + 5. Let d be j(4). Let h(s) = s**2 + 7*s + 4. Calculate h(d).
-8
Let f(a) = 4*a + 17 - 13 - 2*a - 3*a. Calculate f(0).
4
Let p(h) = 4*h - 8. Let t = -82 + 88. Give p(t).
16
Let j(x) = x**3 - 6*x**2 - x + 8. Let d be 4/((-4)/10*1). Let z = d - -16. Calculate j(z).
2
Let z(b) be the second derivative of b**5/20 - b**4/4 - b**3 + b**2 + 3*b. Let x be z(4). Let t(v) = -2*v - 6. Give t(x).
6
Let g(x) = -x - 9. Let p be g(-9). Let b(d) = d + 5. Let f be b(p). Let i(o) be the first derivative of o**3/3 - 4*o**2 + 7*o + 1. Calculate i(f).
-8
Suppose -6*b + b = 5*m - 30, 5*m - 2 = 2*b. Let q be m/6 - (-56)/12. Let h(w) = -3*w + 3. Calculate h(q).
-12
Let r(t) = -t**2 + t. Suppose -g - g = 0. Suppose s - 12 = -4*j, 4*j + 5*s + g = 12. Suppose 9 = -j*c - 3*w, -2 + 10 = -c - 2*w. Give r(c).
-2
Let k(s) be the third derivative of -s**6/360 - s**5/30 - 7*s**4/24 - 6*s**2. Let m(j) be the second derivative of k(j). Determine m(-4).
4
Let q(w) be the first derivative of -w**3/3 + w**2 + 37. Calculate q(4).
-8
Let h(d) = -2*d**3 + 2*d**2 + 2*d - 2. Let b(m) = 4*m - 5*m**2 - m**2 + 5*m**2. Let l be b(4). Suppose -2*f + 29 = 5*y, 3*f + l*y = -y + 11. Give h(f).
-6
Let p(a) = 7*a**3 + 7*a**2 + a - 6. Let l(s) = 3*s**3 + 3*s**2 + s - 3. Let v(t) = -5*l(t) + 2*p(t). Calculate v(2).
-15
Let l be (-20)/12*(0 + (-4 - -1)). Let o(h) = h**3 - 4*h**2 - 6*h - 2. Calculate o(l).
-7
Let b(c) = -2*c**3 - c**2 - c - 9. Let p(y) = y**3 + y**2 + y + 5. Let o(k) = -3*b(k) - 5*p(k). Give o(3).
5
Let c = 2 - 3. Let i = c + 3. Let d(f) = 2*f + f**3 - 2*f**3 - 3 - 3*f + i*f + 6*f**2. Calculate d(6).
3
Let b(v) = -v - 4. Let m be b(-5). Let r(o) = -o. Calculate r(m).
-1
Let d = -4 + 7. Suppose i + 5*o = -d*i - 4, 5*o = -i + 14. Let u(m) = m**2 + 7*m + 5. Give u(i).
-1
Let z(f) be the second derivative of -f**5/20 + f**4/2 - f**3/3 - 5*f**2/2 + 4*f. Suppose 18 = 4*u - 2*w, 0*u = -3*u + 2*w + 13. Determine z(u).
10
Let v(f) = -2*f**3 - f**2 + 2*f - 1. Let p(j) = j**3 - 10*j**2 - 10*j - 9. Let g be p(11). Suppose 0 = -3*a - k - 10, g*a - a - 4*k - 14 = 0. Give v(a).
7
Let b = 67 + -69. Let i(o) = -2*o**3 - 2*o**2 - 4*o - 2. Give i(b).
14
Let q(b) = -b**2 - 8*b - 5. Let o(y) = -y + 11. Let l be o(5). Suppose 2 = -p - l. Calculate q(p).
-5
Let r(m) = -m**3 - m**2 + 2*m + 3. Let s be -4*(1/(-4))/((-1)/2). Give r(s).
3
Let m = -1 - -5. Let z(g) be the second derivative of -g**5/20 + 5*g**4/12 - g**3 + 3*g**2/2 - 4*g. Give z(m).
-5
Let m(r) = -8*r**3 - 4*r**2 + 1 + 4*r**2 - 2*r - r**2 + 2*r**2. Give m(1).
-8
Let x(v) = 5*v**2 + 11*v**2 - 14*v**2 + 5*v**3 - 2 - 4*v**3. Determine x(-3).
-11
Let p be (-1)/(-4) - 2/8. Suppose 4*i - i + 3 = p. Let j(t) = -3*t**2 - 1. Let o(m) = -5*m**2 - 2. Let a(d) = -9*j(d) + 4*o(d). What is a(i)?
8
Let f(t) be the third derivative of t**4/24 - 7*t**3/6 - 34*t**2 - t. Let a(x) = -x + 2. Let k be a(-6). Give f(k).
1
Let z(t) = -t + 6. Let g be z(12). Let m(q) = -q**3 - 7*q**2 - 6*q - 2. Determine m(g).
-2
Let r(u) = u**3 + 3*u**2 + u + 1. Let j be r(-2). Let p(t) be the second derivative of 1/2*t**3 + 2*t**2 - 1/12*t**4 - t + 0. What is p(j)?
4
Suppose i - 12 = -3*i. Let d(p) = -2*p**3 - 1 + 2*p**3 - 2*p**i + p**3. Calculate d(-1).
0
Let k(n) be the second derivative of n + 0 - 7/6*n**3 + 0*n**2. Calculate k(-1).
7
Let c(g) = -g + 5. Let o(n) = -n**3 - 4*n**2 + 5*n + 4. Suppose -10 = 4*i - 2*i. Let v be o(i). What is c(v)?
1
Let b(p) = -p**2 + 2*p + 1. Suppose -19*u - 23 = -4. Calculate b(u).
-2
Let z(c) = c**3 - c + 1. Suppose -u - 2 = -6. Suppose 2 = i + u. Give z(i).
-5
Let m(p) = -p + 1. Suppose 2*u - 125 = -3*u. Suppose 5*t = 2*v + 3*v - u, -10 = 3*v + 2*t. Calculate m(v).
1
Let n(c) = c**3 - c**2 - 6. Let v(u) = -3*u**3 + 2*u**2 + 17. Let l(h) = -8*n(h) - 3*v(h). Calculate l(-3).
-12
Let l(m) = -m**2 + 1. Let y(g) = -3*g**2 + 5*g + 7. Let b(w) = 2*l(w) - y(w). Suppose r - q = -4 - 2, r - 24 = -5*q. Let a be (6 + -1)*r/(-1). What is b(a)?
-5
Suppose -3*z - 5 = 5*c, z - 5*z = 2*c - 12. Let h(d) = -d**3 + 6*d**2 - 6*d + 1. Determine h(z).
-4
Let p(c) = c + 5. Let r be 4/((-16)/28) + 1. Give p(r).
-1
Let d(h) = -h**3 + 5*h**2 + 5*h + 5. Let t = 0 - 14. Let z = -